{"id":9,"date":"2020-09-10T13:06:24","date_gmt":"2020-09-10T13:06:24","guid":{"rendered":"http:\/\/www.tk-technologie.com.pl\/?page_id=9"},"modified":"2020-10-10T17:15:59","modified_gmt":"2020-10-10T17:15:59","slug":"o-nas","status":"publish","type":"page","link":"https:\/\/www.tk-technologie.com.pl\/index.php\/o-nas\/","title":{"rendered":"O nas"},"content":{"rendered":"\n<p>TK-Technologie powsta\u0142a w 2009 roku. Od tego czasu zrealizowali\u015bmy wiele projekt\u00f3w, kt\u00f3re da\u0142y nam do\u015bwiadczenie w takich dziedzinach jak:<\/p>\n\n\n\n<hr class=\"wp-block-separator\"\/>\n\n\n\n<div class=\"wp-block-columns has-4-columns is-layout-flex wp-container-core-columns-is-layout-9d6595d7 wp-block-columns-is-layout-flex\">\n<div class=\"wp-block-column is-layout-flow wp-block-column-is-layout-flow\">\n<p style=\"text-align:center\">Automatyka<\/p>\n<\/div>\n\n\n\n<div class=\"wp-block-column is-layout-flow wp-block-column-is-layout-flow\">\n<p style=\"text-align:center\">Energetyka<\/p>\n<\/div>\n\n\n\n<div class=\"wp-block-column is-layout-flow wp-block-column-is-layout-flow\">\n<p style=\"text-align:center\">Elektromobilno\u015b\u0107<\/p>\n<\/div>\n\n\n\n<div class=\"wp-block-column is-layout-flow wp-block-column-is-layout-flow\">\n<p style=\"text-align:center\">Fotografia<\/p>\n<\/div>\n<\/div>\n\n\n\n<div class=\"wp-block-columns has-4-columns is-layout-flex wp-container-core-columns-is-layout-9d6595d7 wp-block-columns-is-layout-flex\">\n<div class=\"wp-block-column is-layout-flow wp-block-column-is-layout-flow\">\n<p style=\"text-align:center\">Grafika komputerowa<\/p>\n<\/div>\n\n\n\n<div class=\"wp-block-column is-layout-flow wp-block-column-is-layout-flow\">\n<p style=\"text-align:center\">Opracowanie danych liczbowych<\/p>\n<\/div>\n\n\n\n<div class=\"wp-block-column is-layout-flow wp-block-column-is-layout-flow\">\n<p style=\"text-align:center\">Redagowania pism i dokument\u00f3w<\/p>\n<\/div>\n\n\n\n<div class=\"wp-block-column is-layout-flow wp-block-column-is-layout-flow\">\n<p style=\"text-align:center\">\nSzkolenia z Microsoft Office\n\n<\/p>\n<\/div>\n<\/div>\n\n\n\n<hr class=\"wp-block-separator\"\/>\n\n\n\n<p>Zadowoleni klienci, kt\u00f3rzy do nas wracaj\u0105 to gwarancja sukcesu i rozwoju firmy.&nbsp; Zajrzyj do naszej oferty. Zapraszamy do kontaktu.<\/p>\n\n\n\n<hr class=\"wp-block-separator\"\/>\n\n\n\n<p><\/p>\n","protected":false},"excerpt":{"rendered":"<p>TK-Technologie powsta\u0142a w 2009 roku. Od tego czasu zrealizowali\u015bmy wiele projekt\u00f3w, kt\u00f3re da\u0142y nam do\u015bwiadczenie w takich dziedzinach jak: Automatyka Energetyka Elektromobilno\u015b\u0107 Fotografia Grafika komputerowa Opracowanie danych liczbowych Redagowania pism i dokument\u00f3w Szkolenia z Microsoft Office Zadowoleni klienci, kt\u00f3rzy do nas wracaj\u0105 to gwarancja sukcesu i rozwoju firmy.&nbsp; Zajrzyj do naszej oferty. Zapraszamy do kontaktu.<\/p>\n","protected":false},"author":1,"featured_media":61,"parent":0,"menu_order":0,"comment_status":"closed","ping_status":"closed","template":"","meta":{"ngg_post_thumbnail":0,"footnotes":""},"class_list":["post-9","page","type-page","status-publish","has-post-thumbnail","hentry"],"_links":{"self":[{"href":"https:\/\/www.tk-technologie.com.pl\/index.php\/wp-json\/wp\/v2\/pages\/9","targetHints":{"allow":["GET"]}}],"collection":[{"href":"https:\/\/www.tk-technologie.com.pl\/index.php\/wp-json\/wp\/v2\/pages"}],"about":[{"href":"https:\/\/www.tk-technologie.com.pl\/index.php\/wp-json\/wp\/v2\/types\/page"}],"author":[{"embeddable":true,"href":"https:\/\/www.tk-technologie.com.pl\/index.php\/wp-json\/wp\/v2\/users\/1"}],"replies":[{"embeddable":true,"href":"https:\/\/www.tk-technologie.com.pl\/index.php\/wp-json\/wp\/v2\/comments?post=9"}],"version-history":[{"count":12,"href":"https:\/\/www.tk-technologie.com.pl\/index.php\/wp-json\/wp\/v2\/pages\/9\/revisions"}],"predecessor-version":[{"id":277,"href":"https:\/\/www.tk-technologie.com.pl\/index.php\/wp-json\/wp\/v2\/pages\/9\/revisions\/277"}],"wp:featuredmedia":[{"embeddable":true,"href":"https:\/\/www.tk-technologie.com.pl\/index.php\/wp-json\/wp\/v2\/media\/61"}],"wp:attachment":[{"href":"https:\/\/www.tk-technologie.com.pl\/index.php\/wp-json\/wp\/v2\/media?parent=9"}],"curies":[{"name":"wp","href":"https:\/\/api.w.org\/{rel}","templated":true}]}}