{"id":101,"date":"2020-09-12T11:21:23","date_gmt":"2020-09-12T11:21:23","guid":{"rendered":"http:\/\/www.tk-technologie.com.pl\/?page_id=101"},"modified":"2020-10-10T17:08:10","modified_gmt":"2020-10-10T17:08:10","slug":"elektromobilnosc","status":"publish","type":"page","link":"https:\/\/www.tk-technologie.com.pl\/index.php\/elektromobilnosc\/","title":{"rendered":"Elektromobilno\u015b\u0107"},"content":{"rendered":"\n<p><strong>Elektromoblino\u015b\u0107<\/strong> to ju\u017c nie tylko pie\u015b\u0144 przysz\u0142o\u015bci to ju\u017c rzeczywisto\u015b\u0107. Je\u017celi szukasz informacji, komponent\u00f3w czy us\u0142ug dla aut elektrycznych to dobrze trafi\u0142e\u015b.&nbsp; <\/p>\n\n\n\n<p>Doradzamy przy wyborze w\u0142a\u015bciwych komponent\u00f3w dla Twojego auta elektrycznego, bo w tej bran\u017cy dzia\u0142amy od samego pocz\u0105tku, a elektryk\u0105 i automatyk\u0105 zajmujemy si\u0119 jeszcze d\u0142u\u017cej bo od 2009 roku.<\/p>\n\n\n\n<p>Je\u017celi tylko szukasz:<\/p>\n\n\n\n<div class=\"wp-block-columns has-2-columns is-layout-flex wp-container-core-columns-is-layout-9d6595d7 wp-block-columns-is-layout-flex\">\n<div class=\"wp-block-column is-layout-flow wp-block-column-is-layout-flow\">\n<p style=\"text-align:center\" class=\"has-background has-light-green-cyan-background-color\">Auta elektrycznego EV\/PHEV<\/p>\n\n\n\n<p style=\"text-align:center\" class=\"has-background has-luminous-vivid-amber-background-color\">stacji \u0142adowania <\/p>\n\n\n\n<p style=\"background-color:#f48aa3;text-align:center\" class=\"has-background\">inne akcesoria EV\/PHEV<\/p>\n<\/div>\n\n\n\n<div class=\"wp-block-column is-layout-flow wp-block-column-is-layout-flow\">\n<p style=\"background-color:#f5ea9f;text-align:center\" class=\"has-background\">opon do EV\/PHE<\/p>\n\n\n\n<p style=\"text-align:center\" class=\"has-background has-pale-cyan-blue-background-color\">kabla \u0142adowania EV\/PHEV<\/p>\n<\/div>\n<\/div>\n\n\n\n<p><em><strong>EV<\/strong> &#8211; electric vehicle,            <strong>PHEV<\/strong> &#8211; plug-in hybrid vehicle<\/em><\/p>\n\n\n\n<p>W ka\u017cdym z powy\u017cszych temat\u00f3w doradzimy Ci co wybra\u0107 i gdzie kupi\u0107 za rozs\u0105dn\u0105 cen\u0119. <\/p>\n","protected":false},"excerpt":{"rendered":"<p>Elektromoblino\u015b\u0107 to ju\u017c nie tylko pie\u015b\u0144 przysz\u0142o\u015bci to ju\u017c rzeczywisto\u015b\u0107. Je\u017celi szukasz informacji, komponent\u00f3w czy us\u0142ug dla aut elektrycznych to dobrze trafi\u0142e\u015b.&nbsp; Doradzamy przy wyborze w\u0142a\u015bciwych komponent\u00f3w dla Twojego auta elektrycznego, bo w tej bran\u017cy dzia\u0142amy od samego pocz\u0105tku, a elektryk\u0105 i automatyk\u0105 zajmujemy si\u0119 jeszcze d\u0142u\u017cej bo od 2009 roku. Je\u017celi tylko szukasz: Auta &hellip; <\/p>\n<p class=\"link-more\"><a href=\"https:\/\/www.tk-technologie.com.pl\/index.php\/elektromobilnosc\/\" class=\"more-link\">Czytaj dalej<span class=\"screen-reader-text\"> \u201eElektromobilno\u015b\u0107\u201d<\/span><\/a><\/p>\n","protected":false},"author":1,"featured_media":105,"parent":0,"menu_order":0,"comment_status":"closed","ping_status":"closed","template":"","meta":{"ngg_post_thumbnail":0,"footnotes":""},"class_list":["post-101","page","type-page","status-publish","has-post-thumbnail","hentry"],"_links":{"self":[{"href":"https:\/\/www.tk-technologie.com.pl\/index.php\/wp-json\/wp\/v2\/pages\/101","targetHints":{"allow":["GET"]}}],"collection":[{"href":"https:\/\/www.tk-technologie.com.pl\/index.php\/wp-json\/wp\/v2\/pages"}],"about":[{"href":"https:\/\/www.tk-technologie.com.pl\/index.php\/wp-json\/wp\/v2\/types\/page"}],"author":[{"embeddable":true,"href":"https:\/\/www.tk-technologie.com.pl\/index.php\/wp-json\/wp\/v2\/users\/1"}],"replies":[{"embeddable":true,"href":"https:\/\/www.tk-technologie.com.pl\/index.php\/wp-json\/wp\/v2\/comments?post=101"}],"version-history":[{"count":9,"href":"https:\/\/www.tk-technologie.com.pl\/index.php\/wp-json\/wp\/v2\/pages\/101\/revisions"}],"predecessor-version":[{"id":315,"href":"https:\/\/www.tk-technologie.com.pl\/index.php\/wp-json\/wp\/v2\/pages\/101\/revisions\/315"}],"wp:featuredmedia":[{"embeddable":true,"href":"https:\/\/www.tk-technologie.com.pl\/index.php\/wp-json\/wp\/v2\/media\/105"}],"wp:attachment":[{"href":"https:\/\/www.tk-technologie.com.pl\/index.php\/wp-json\/wp\/v2\/media?parent=101"}],"curies":[{"name":"wp","href":"https:\/\/api.w.org\/{rel}","templated":true}]}}